{"id":186,"date":"2022-09-17T07:58:32","date_gmt":"2022-09-17T07:58:32","guid":{"rendered":"https:\/\/fv-plittersdorf.de\/?page_id=186"},"modified":"2026-02-21T20:09:53","modified_gmt":"2026-02-21T20:09:53","slug":"impressum","status":"publish","type":"page","link":"https:\/\/fv-plittersdorf.de\/index.php\/kontakt-datenschutz\/impressum\/","title":{"rendered":"Impressum"},"content":{"rendered":"\n<h5 class=\"wp-block-heading\">Angaben gem\u00e4\u00df \u00a7 5 TMG:<\/h5>\n\n\n\n<p>FV Germania Plittersdorf e.V.<br>vertreten durch den 1. Vorsitzenden:<br>Daniel Scharer<br>Schulstra\u00dfe 36<br>76437 Rastatt<\/p>\n\n\n\n<h5 class=\"wp-block-heading\">Kontakt \/ Postanschrift \/ Datenschutz:<\/h5>\n\n\n\n<p>Daniel Sch\u00e4fer<br>Kleinw\u00e4ldelestra\u00dfe 8<br>Telefon: 07222\/150778<br>E-Mail: <a href=\"mailto:DanielSchaefer1975@web.de\" target=\"_blank\" rel=\"noreferrer noopener\">DanielSchaefer1975@web.de<\/a><\/p>\n\n\n\n<h5 class=\"wp-block-heading\">Registereintrag:<\/h5>\n\n\n\n<p class=\"has-black-color has-text-color\">Vereinsregisternummer: VR 520128<br>Registergericht: Amtsgericht Mannheim<\/p>\n\n\n\n<h5 class=\"wp-block-heading\">Verantwortlich f\u00fcr den Inhalt nach \u00a7 55 Abs. 2 RStV:<\/h5>\n\n\n\n<p class=\"has-black-color has-text-color\">Berichte der Herren-Mannschaften: <em>Dennis Bergmaier, Dominik Haas<\/em><br>Berichte der Jugend: <em>Sabine Gro\u00df (Schriftf\u00fchrerin Jugendabteilung)<\/em><br>Offizielle Vereinsnachrichten: <em>Daniel Sch\u00e4fer (Schriftf\u00fchrer Hauptverein)<\/em><\/p>\n\n\n\n<h5 class=\"wp-block-heading\">Haftungsausschluss:<\/h5>\n\n\n\n<p class=\"has-black-color has-text-color\"><strong>Haftung f\u00fcr Inhalte<\/strong><\/p>\n\n\n\n<p class=\"has-black-color has-text-color\">Die Inhalte unserer Seiten wurden mit gr\u00f6\u00dfter Sorgfalt erstellt. F\u00fcr die Richtigkeit, Vollst\u00e4ndigkeit und Aktualit\u00e4t der Inhalte k\u00f6nnen wir jedoch keine Gew\u00e4hr \u00fcbernehmen. Als Diensteanbieter sind wir gem\u00e4\u00df \u00a7 7 Abs.1 TMG f\u00fcr eigene Inhalte auf diesen Seiten nach den allgemeinen Gesetzen verantwortlich. Nach \u00a7\u00a7 8 bis 10 TMG sind wir als Diensteanbieter jedoch nicht verpflichtet, \u00fcbermittelte oder gespeicherte fremde Informationen zu \u00fcberwachen oder nach Umst\u00e4nden zu forschen, die auf eine rechtswidrige T\u00e4tigkeit hinweisen. Verpflichtungen zur Entfernung oder Sperrung der Nutzung von Informationen nach den allgemeinen Gesetzen bleiben hiervon unber\u00fchrt. Eine diesbez\u00fcgliche Haftung ist jedoch erst ab dem Zeitpunkt der Kenntnis einer konkreten Rechtsverletzung m\u00f6glich. Bei Bekanntwerden von entsprechenden Rechtsverletzungen werden wir diese Inhalte umgehend entfernen.<\/p>\n\n\n\n<p class=\"has-black-color has-text-color\"><strong>Haftung f\u00fcr Links<\/strong><\/p>\n\n\n\n<p class=\"has-black-color has-text-color\">Unser Angebot enth\u00e4lt Links zu externen Webseiten Dritter, auf deren Inhalte wir keinen Einfluss haben. Deshalb k\u00f6nnen wir f\u00fcr diese fremden Inhalte auch keine Gew\u00e4hr \u00fcbernehmen. F\u00fcr die Inhalte der verlinkten Seiten ist stets der jeweilige Anbieter oder Betreiber der Seiten verantwortlich. Die verlinkten Seiten wurden zum Zeitpunkt der Verlinkung auf m\u00f6gliche Rechtsverst\u00f6\u00dfe \u00fcberpr\u00fcft. Rechtswidrige Inhalte waren zum Zeitpunkt der Verlinkung nicht erkennbar. Eine permanente inhaltliche Kontrolle der verlinkten Seiten ist jedoch ohne konkrete Anhaltspunkte einer Rechtsverletzung nicht zumutbar. Bei Bekanntwerden von Rechtsverletzungen werden wir derartige Links umgehend entfernen.<\/p>\n\n\n\n<p class=\"has-black-color has-text-color\"><strong>Urheberrecht<\/strong><\/p>\n\n\n\n<p class=\"has-black-color has-text-color\">Die durch die Seitenbetreiber erstellten Inhalte und Werke auf diesen Seiten unterliegen dem deutschen Urheberrecht. Die Vervielf\u00e4ltigung, Bearbeitung, Verbreitung und jede Art der Verwertung au\u00dferhalb der Grenzen des Urheberrechtes bed\u00fcrfen der schriftlichen Zustimmung des jeweiligen Autors bzw. Erstellers. Downloads und Kopien dieser Seite sind nur f\u00fcr den privaten, nicht kommerziellen Gebrauch gestattet. Soweit die Inhalte auf dieser Seite nicht vom Betreiber erstellt wurden, werden die Urheberrechte Dritter beachtet. Insbesondere werden Inhalte Dritter als solche gekennzeichnet. Sollten Sie trotzdem auf eine Urheberrechtsverletzung aufmerksam werden, bitten wir um einen entsprechenden Hinweis. Bei Bekanntwerden von Rechtsverletzungen werden wir derartige Inhalte umgehend entfernen.<\/p>\n","protected":false},"excerpt":{"rendered":"<p>Angaben gem\u00e4\u00df \u00a7 5 TMG: FV Germania Plittersdorf e.V.vertreten durch den 1. Vorsitzenden:Daniel ScharerSchulstra\u00dfe 3676437 Rastatt Kontakt \/ Postanschrift \/ Datenschutz: Daniel Sch\u00e4ferKleinw\u00e4ldelestra\u00dfe 8Telefon: 07222\/150778E-Mail: DanielSchaefer1975@web.de Registereintrag: Vereinsregisternummer: VR 520128Registergericht: Amtsgericht Mannheim Verantwortlich f\u00fcr den Inhalt nach \u00a7 55 Abs. 2 RStV: Berichte der Herren-Mannschaften: Dennis Bergmaier, Dominik HaasBerichte der Jugend: Sabine Gro\u00df (Schriftf\u00fchrerin Jugendabteilung)Offizielle [&hellip;]<\/p>\n","protected":false},"author":1,"featured_media":0,"parent":110,"menu_order":4,"comment_status":"closed","ping_status":"closed","template":"","meta":{"footnotes":""},"class_list":["post-186","page","type-page","status-publish","czr-hentry"],"_links":{"self":[{"href":"https:\/\/fv-plittersdorf.de\/index.php\/wp-json\/wp\/v2\/pages\/186","targetHints":{"allow":["GET"]}}],"collection":[{"href":"https:\/\/fv-plittersdorf.de\/index.php\/wp-json\/wp\/v2\/pages"}],"about":[{"href":"https:\/\/fv-plittersdorf.de\/index.php\/wp-json\/wp\/v2\/types\/page"}],"author":[{"embeddable":true,"href":"https:\/\/fv-plittersdorf.de\/index.php\/wp-json\/wp\/v2\/users\/1"}],"replies":[{"embeddable":true,"href":"https:\/\/fv-plittersdorf.de\/index.php\/wp-json\/wp\/v2\/comments?post=186"}],"version-history":[{"count":4,"href":"https:\/\/fv-plittersdorf.de\/index.php\/wp-json\/wp\/v2\/pages\/186\/revisions"}],"predecessor-version":[{"id":5163,"href":"https:\/\/fv-plittersdorf.de\/index.php\/wp-json\/wp\/v2\/pages\/186\/revisions\/5163"}],"up":[{"embeddable":true,"href":"https:\/\/fv-plittersdorf.de\/index.php\/wp-json\/wp\/v2\/pages\/110"}],"wp:attachment":[{"href":"https:\/\/fv-plittersdorf.de\/index.php\/wp-json\/wp\/v2\/media?parent=186"}],"curies":[{"name":"wp","href":"https:\/\/api.w.org\/{rel}","templated":true}]}}